ate the remainder when 22452 is divided by 157.
1
What is the remainder when 139303 is divided by 27854?
33
Calculate the remainder when 105075 is divided by 1117.
77
Calculate the remainder when 1965664 is divided by 394.
392
Calculate the remainder when 4098 is divided by 819.
3
Calculate the remainder when 1966718 is divided by 160.
158
Calculate the remainder when 324784 is divided by 1221.
1219
Calculate the remainder when 17504 is divided by 83.
74
Calculate the remainder when 1292276 is divided by 13.
11
What is the remainder when 18517 is divided by 142?
57
Calculate the remainder when 1438148 is divided by 281.
271
Calculate the remainder when 6099497 is divided by 1100.
1097
What is the remainder when 26192 is divided by 31?
28
Calculate the remainder when 12497 is divided by 91.
30
Calculate the remainder when 8348 is divided by 2071.
64
What is the remainder when 66693 is divided by 824?
773
Calculate the remainder when 145789 is divided by 134.
131
Calculate the remainder when 58295 is divided by 77.
6
Calculate the remainder when 4181759 is divided by 5.
4
What is the remainder when 657 is divided by 138?
105
What is the remainder when 3947 is divided by 1936?
75
Calculate the remainder when 160368 is divided by 80170.
28
What is the remainder when 283705 is divided by 1338?
49
What is the remainder when 15356 is divided by 3837?
8
Calculate the remainder when 27020 is divided by 27005.
15
What is the remainder when 2458 is divided by 797?
67
What is the remainder when 13884 is divided by 119?
80
What is the remainder when 78203 is divided by 53?
28
What is the remainder when 3288 is divided by 7?
5
Calculate the remainder when 40914 is divided by 120.
114
What is the remainder when 46648 is divided by 72?
64
Calculate the remainder when 6793 is divided by 6788.
5
Calculate the remainder when 3066 is divided by 252.
42
What is the remainder when 366 is divided by 167?
32
What is the remainder when 308397 is divided by 154192?
13
What is the remainder when 70305 is divided by 217?
214
What is the remainder when 760 is divided by 616?
144
What is the remainder when 56853 is divided by 85?
73
What is the remainder when 27922 is divided by 27913?
9
What is the remainder when 106060 is divided by 849?
784
Calculate the remainder when 863 is divided by 57.
8
What is the remainder when 277 is divided by 182?
95
What is the remainder when 10828 is divided by 221?
220
What is the remainder when 7432 is divided by 127?
66
Calculate the remainder when 621 is divided by 133.
89
Calculate the remainder when 5523 is divided by 2720.
83
What is the remainder when 4148 is divided by 98?
32
Calculate the remainder when 2762845 is divided by 22.
19
What is the remainder when 25769 is divided by 25766?
3
What is the remainder when 61545 is divided by 413?
8
What is the remainder when 1313826 is divided by 556?
554
Calculate the remainder when 676514 is divided by 4176.
2
Calculate the remainder when 327217 is divided by 477.
472
What is the remainder when 385311 is divided by 169?
160
What is the remainder when 952881 is divided by 918?
915
Calculate the remainder when 3827 is divided by 3700.
127
Calculate the remainder when 65843 is divided by 63.
8
Calculate the remainder when 686 is divided by 10.
6
What is the remainder when 5589 is divided by 112?
101
What is the remainder when 4982 is divided by 106?
0
What is the remainder when 303 is divided by 17?
14
Calculate the remainder when 1952 is divided by 621.
89
Calculate the remainder when 3491 is divided by 152.
147
What is the remainder when 27404 is divided by 73?
29
What is the remainder when 13143 is divided by 1459?
12
What is the remainder when 101551 is divided by 131?
26
Calculate the remainder when 63381 is divided by 5280.
21
Calculate the remainder when 77307 is divided by 8.
3
What is the remainder when 20995 is divided by 6935?
190
Calculate the remainder when 3315 is divided by 26.
13
Calculate the remainder when 100019 is divided by 2000.
19
Calculate the remainder when 2353 is divided by 706.
235
What is the remainder when 370294 is divided by 113?
106
What is the remainder when 200 is divided by 192?
8
Calculate the remainder when 3044 is divided by 2888.
156
Calculate the remainder when 52557 is divided by 30.
27
Calculate the remainder when 1064 is divided by 68.
44
Calculate the remainder when 2411 is divided by 443.
196
Calculate the remainder when 1042 is divided by 210.
202
Calculate the remainder when 102736 is divided by 5135.
36
What is the remainder when 7864 is divided by 3932?
0
What is the remainder when 4301 is divided by 2135?
31
Calculate the remainder when 543466 is divided by 199.
196
Calculate the remainder when 460168 is divided by 119.
114
What is the remainder when 105183 is divided by 373?
370
What is the remainder when 303612 is divided by 485?
2
What is the remainder when 1802 is divided by 439?
46
What is the remainder when 512 is divided by 145?
77
What is the remainder when 27353 is divided by 782?
765
Calculate the remainder when 85615 is divided by 25.
15
What is the remainder when 920 is divided by 222?
32
Calculate the remainder when 709960 is divided by 57.
25
What is the remainder when 238 is divided by 63?
49
Calculate the remainder when 225746 is divided by 6101.
9
Calculate the remainder when 5560338 is divided by 46.
42
Calculate the remainder when 5307 is divided by 557.
294
Calculate the remainder when 1088 is divided by 436.
216
What is the remainder when 329575 is divided by 372?
355
Calculate the remainder when 8455 is divided by 22.
7
What is the remainder when 1925 is divided by 489?
458
What is the remainder when 99902 is divided by 56?
54
What is the remainder when 1903 is divided by 287?
181
Calculate the remainder when 369731 is divided by 119.
117
What is the remainder when 2855 is divided by 186?
65
Calculate the remainder when 172595 is divided by 57531.
2
What is the remainder when 60714 is divided by 111?
108
Calculate the remainder when 13151 is divided by 548.
547
Calculate the remainder when 1892 is divided by 1860.
32
What is the remainder when 14602 is divided by 1620?
22
Calculate the remainder when 92905 is divided by 13272.
1
Calculate the remainder when 104105 is divided by 108.
101
Calculate the remainder when 32797 is divided by 475.
22
Calculate the remainder when 2087730 is divided by 69.
66
What is the remainder when 187657 is divided by 36?
25
Calculate the remainder when 531 is divided by 529.
2
What is the remainder when 7463 is divided by 15?
8
What is the remainder when 8260 is divided by 894?
214
What is the remainder when 12928 is divided by 6427?
74
What is the remainder when 6115 is divided by 23?
20
Calculate the remainder when 3102 is divided by 1529.
44
Calculate the remainder when 21104 is divided by 45.
44
Calculate the remainder when 2864 is divided by 936.
56
What is the remainder when 787 is divided by 344?
99
What is the remainder when 482 is divided by 333?
149
What is the remainder when 51012 is divided by 325?
312
Calculate the remainder when 30899 is divided by 159.
53
Calculate the remainder when 106946 is divided by 71.
20
Calculate the remainder when 33331 is divided by 112.
67
What is the remainder when 839 is divided by 8?
7
What is the remainder when 56530 is divided by 162?
154
What is the remainder when 85436 is divided by 2946?
2
What is the remainder when 17528 is divided by 135?
113
Calculate the remainder when 1280 is divided by 426.
2
What is the remainder when 148383 is divided by 59?
57
What is the remainder when 9656 is divided by 152?
80
What is the remainder when 1022 is divided by 275?
197
What is the remainder when 20466 is divided by 175?
166
Calculate the remainder when 597630 is divided by 812.
810
Calculate the remainder when 2908 is divided by 2746.
162
What is the remainder when 37361 is divided by 9279?
245
Calculate the remainder when 29684 is divided by 4764.
1100
What is the remainder when 313185 is divided by 17?
11
Calculate the remainder when 14569 is divided by 1455.
19
Calculate the remainder when 14378 is divided by 221.
13
What is the remainder when 31191 is divided by 14?
13
Calculate the remainder when 9643 is divided by 41.
8
Calculate the rema